{"id":185,"date":"2011-08-09T09:22:17","date_gmt":"2011-08-09T09:22:17","guid":{"rendered":"http:\/\/www.bellevuechen.de\/\/?page_id=185"},"modified":"2012-03-25T21:46:05","modified_gmt":"2012-03-25T21:46:05","slug":"weine","status":"publish","type":"page","link":"https:\/\/www.bellevuechen.de\/?page_id=185","title":{"rendered":"Weine"},"content":{"rendered":"<table width=\"100%\" border=\"0\" cellspacing=\"0\" cellpadding=\"10\">\n<tr>\n<th colspan=\"2\">\n<h1>Weine<\/h1>\n<\/th>\n<\/tr>\n<tr>\n<td valign=\"top\">\n<img loading=\"lazy\" decoding=\"async\" class=\"alignleft size-full wp-image-525\" title=\"weine\" src=\"https:\/\/www.bellevuechen.de\/wp-content\/uploads\/2011\/08\/weine1.jpg\" alt=\"\" width=\"300\" height=\"200\" \/><\/p>\n<\/td>\n<td valign=\"top\">Weine sind immer wieder ein faszinierendes Thema. Es l\u00e4sst sich so herrlich diskutieren und fachsimpeln. Und dennoch gilt nach wie vor: Probieren geht \u00fcber studieren. Denn erst ein guter, edler Wein macht ein Essen so richtig rund und befl\u00fcgelt unsere Sinne.<\/p>\n<p>Wir bieten eine umfangreiche Auswahl an Weinen aus den verschiedensten Weinanbaugebieten an&#8230; und das zu moderaten Preisen.\u00a0 Unter anderen vertreten wir Weine aus dem S\u00fcden Frankreichs, dem Bordeaux, der Bourgogne, dem Piemont, der Toscana, Silzilien, dem Duero, dem Navarragebiet, \u00d6sterreich, S\u00fcdafrika, Australien, Neuseeland und nat\u00fcrlich auch aus Deutschland. Ebenso gibt es bei uns eine breite Palettte an Aperitifs und Digestifs. Dabei richten wir unser Augenmerk besonders auf Qualit\u00e4t und Authenzit\u00e4t der einzelnen Anbaugebiete.<\/p>\n<p>Wir servieren Ihnen selbstverst\u00e4ndlich auch offene Weine und beraten Sie sehr gerne bei der Weinauswahl. Auch Bierliebhaber kommen im Bellevuechen nicht zu kurz: Wir zapfen das gute Stauder Pils.<\/td>\n<\/tr>\n<\/table>\n","protected":false},"excerpt":{"rendered":"<p>Weine Weine sind immer wieder ein faszinierendes Thema. Es l\u00e4sst sich so herrlich diskutieren und fachsimpeln. Und dennoch gilt nach wie vor: Probieren geht \u00fcber studieren. Denn erst ein guter, edler Wein macht ein Essen so richtig rund und befl\u00fcgelt unsere Sinne. Wir bieten eine umfangreiche Auswahl an Weinen aus den verschiedensten Weinanbaugebieten an&#8230; und&nbsp;<a href=\"https:\/\/www.bellevuechen.de\/?page_id=185\" class=\"read-more\">Continue Reading<\/a><\/p>\n","protected":false},"author":4,"featured_media":0,"parent":0,"menu_order":0,"comment_status":"open","ping_status":"open","template":"page-fullwidth.php","meta":{"footnotes":""},"class_list":["post-185","page","type-page","status-publish","hentry"],"_links":{"self":[{"href":"https:\/\/www.bellevuechen.de\/index.php?rest_route=\/wp\/v2\/pages\/185","targetHints":{"allow":["GET"]}}],"collection":[{"href":"https:\/\/www.bellevuechen.de\/index.php?rest_route=\/wp\/v2\/pages"}],"about":[{"href":"https:\/\/www.bellevuechen.de\/index.php?rest_route=\/wp\/v2\/types\/page"}],"author":[{"embeddable":true,"href":"https:\/\/www.bellevuechen.de\/index.php?rest_route=\/wp\/v2\/users\/4"}],"replies":[{"embeddable":true,"href":"https:\/\/www.bellevuechen.de\/index.php?rest_route=%2Fwp%2Fv2%2Fcomments&post=185"}],"version-history":[{"count":21,"href":"https:\/\/www.bellevuechen.de\/index.php?rest_route=\/wp\/v2\/pages\/185\/revisions"}],"predecessor-version":[{"id":450,"href":"https:\/\/www.bellevuechen.de\/index.php?rest_route=\/wp\/v2\/pages\/185\/revisions\/450"}],"wp:attachment":[{"href":"https:\/\/www.bellevuechen.de\/index.php?rest_route=%2Fwp%2Fv2%2Fmedia&parent=185"}],"curies":[{"name":"wp","href":"https:\/\/api.w.org\/{rel}","templated":true}]}}